late -13 - (14 + -12 + -24) - 32.
-23
Calculate (3 - 17) + 5 + 2 + 7.
0
6 - (-298 - -298 - (0 + -1 + -3))
2
What is the value of -6 + 0 + 47 + -63 - -6?
-16
What is (1 - 1) + -28 - (-14 + 38 + -32)?
-20
Evaluate (11 - (38 - 16)) + 3 + 11.
3
What is 8 + 2 + (-7 - (2 + -18)) + -14?
5
Calculate (27 - 3) + -3 + (56 - 66) - 8.
3
Calculate 1 + -6 - (-17 + (-2 - -2) + 3).
9
Evaluate -1 + (10 - 21) + (11 - 10) + 25.
14
4 - 1 - (-10 - (-14 - 7 - -9))
1
Calculate 5 + -16 - -11 - -16.
16
-1 + -3 - (41 - 34 - (4 - 0))
-7
Calculate -9 + 2 + 11 + -9 + (5 - 2).
-2
Calculate -4 + -1 - ((3 - 1) + -2) - -17.
12
Calculate -92 + 87 - (-1 - 20).
16
What is the value of (-18 - 3 - -18) + -8?
-11
What is 5 - -6 - (21 + -18 + 27)?
-19
What is 11 + -17 + 6 + (3 - (-1 - -3))?
1
-4 + 15 + -17 - -7
1
-4 - (13 - 22 - -14)
-9
What is (-6 - -3) + (-54 + 48 - (-1 + -4))?
-4
What is 1 - -5 - (11 - 31 - -32)?
-6
3 + (-16 + 3 - (6 + -5))
-11
What is the value of 2 + 6 + -10 + 8 + -18 + 0?
-12
Evaluate 9 - (-6 + 9 + 8 + -25).
23
What is -2 + -4 - (20 + -13 + (-7 - 1))?
-5
What is -12 - ((-7 - (-6 - -2)) + -5)?
-4
What is (6 - (6 - 5) - 6) + -11?
-12
(-55 - -38) + (-6 - -11)
-12
Calculate 2 - (14 - -2) - -3.
-11
Evaluate -37 - -42 - (4 - -4).
-3
What is the value of (14 - -1) + 11 + -18?
8
Calculate -4 + 12 - ((0 - -7) + (-393 - -396)).
-2
What is the value of 3 - (5 - 0) - (-106 + 105)?
-1
Calculate (-25 - -10) + 10 - -9.
4
Evaluate 29 + -2 + 80 + -108.
-1
-18 + 12 + 15 + -20
-11
Evaluate -49 + -26 + 68 + (-2 - (-2 + -1)).
-6
(13 - 4) + -14 - -14
9
What is 9 + (2 + -7 + 9 - (21 + -15))?
7
21 + -22 - ((0 - 1) + (-18 - -8))
10
Calculate (3 - 12) + 4 - (2 + 7 + -3).
-11
What is the value of (4 - 0 - -8) + (-77 - -80)?
15
What is -2 - -7 - ((-37 - -17) + 26)?
-1
What is the value of (7 - -4) + -91 + 86?
6
(3 - (-2 + 17 - 7)) + 6 - -5
6
Evaluate 8 - (4 + -2 - 9 - 0 - -1).
14
Calculate 437 - 426 - (3 + (-1 - -13) + 1).
-5
Evaluate (6 - (2 + -9)) + (-22 - -33).
24
Evaluate -10 + 7 - (-1 + -7).
5
Evaluate 18 + 2 - (-43 + 50).
13
What is -9 + 7 + (-13 - 14)?
-29
What is (-1 - -5) + -19 + 30 + -30 + -3?
-18
Calculate -19 + (4 - -49 - 17) + -12.
5
Evaluate -28 + 9 + 42 - 12.
11
What is the value of 6 - ((-101 - -84) + 14 + 1)?
8
Calculate 13 + -6 + -7 + 12 + -6.
6
-32 - -12 - (6 - 20)
-6
Evaluate 54 + 31 + -42 - (15 + -1).
29
Calculate 39 - ((23 - 3) + 30).
-11
-1 + -2 - (63 - 54)
-12
Evaluate -5 + 2 - ((-13 - -9) + 8).
-7
3 - (1 + -6 + -15 + 4 + 12)
7
What is 0 + -31 - (-282 - -247)?
4
What is 12 + -25 - (-32 + 1)?
18
What is (-4 + -1 - -8) + -9 - 4?
-10
What is 2 + -1 - (12 + (14 - 17))?
-8
What is the value of 0 + 13 - (16 + (-34 - -29))?
2
Evaluate 4 - ((-3 - -4) + 6 - 4) - -2.
3
Calculate (254 - 238) + -36 + 2.
-18
(-13 - -29) + -9 + 0 + (-5 - 1)
1
What is 0 - -1 - (-31 + 2 + 11 - -39)?
-20
-33 + (17 - -16) - (-10 + 1)
9
Calculate 11 + 7 + -7 + 5 + (1 - -1).
18
11 - -1 - (11 + -15 + (2 - -9))
5
Calculate -1 + (1 - -6) + 23 + -25.
4
Evaluate 182 + -174 - (-2 - 1 - -12).
-1
-12 + 6 + -7 + (-7 - -6) + 2
-12
-28 + -7 + 89 + -16 + -1
37
What is -14 + 21 + (4 - 15 - 2)?
-6
Calculate 15 + (19 - 30) + (-1 - 2).
1
2 + (0 - (-7 + 21))
-12
Calculate 1 + (0 - 0) + 0 - (-2497 - -2505).
-7
-2 - (4 + 4 + -4 + 3)
-9
-23 - (25 + 13 + -39)
-22
What is the value of -2 - (10 - 1) - -12?
1
What is the value of -31 + 16 + 24 - 11?
-2
What is the value of (-4 + -6 + 3 - -15) + 1 + 5?
14
Calculate 21 + -21 + -6 + 36 - (1 + -1).
30
Evaluate 13 - (-16 + -6 + -1 + 7).
29
Calculate -12 + 9 + (6 - 12).
-9
Calculate (-9 - (-22 - -11)) + -2 + -12.
-12
What is (-3 - 19) + (84 - 89)?
-27
What is the value of 6 - ((8 - (7 + (0 - 3))) + -6)?
8
What is the value of (-11 - -46) + (11 - 26)?
20
What is the value of 22 + -15 - (1 + -6 + -4)?
16
Evaluate -6 - (4 + -1 - 11).
2
What is (16 - (-19 + -18 + 75)) + (1 - -2)?
-19
What is the value of -12 - (-12 + 11 + 0)?
-11
Evaluate (-2 - 22 - -16) + (-4 - -2).
-10
What is the value of 2 + (3 - -1) + (7 - -5)?
18
Evaluate 2 + -15 - (13 - 13).
-13
What is -4 + (8 - ((-9 - -11) + -3))?
5
Evaluate -21 - 8 - (-17 - -6).
-18
Evaluate 13 - (-5 - -9 - (-2 + -3)).
4
Evaluate (2 - -11) + 5 + 32 + -35.
15
Evaluate 0 + 5 + -2 - -6.
9
What is the value of 9 - (-7 + 7 + 0 + 8)?
1
What is the value of 9 + 19 + -41 - (-19 + 1)?
5
Evaluate 25 + 12 + -18 + 1 + 9.
29
What is the value of -2593 - -2594 - ((-1 - -13) + 1)?
-12
Evaluate 0 + 1 + -10 + 18 + -11.
-2
-156 + 251 + -94 + (-1 - -1) + -25
-24
Evaluate -13 - (-6 + -3) - (6 - 3 - 7).
0
0 + 0 + (-134 - -138)
4
-17 - (15 - ((31 - 16) + -19))
-36
Evaluate 75 + (-46 - 28) - (-12 + 1 + 0).
12
-16 - -2 - (36 - 55)
5
What is -4 - 1 - (-73 - -75) - (18 - 15)?
-10
Evaluate 9 + -3 - (-1 + 3) - (1 - 1).
4
-50 - -88 - (1 + 44)
-7
What is the value of (4 - (7 + (14 - 11))) + (1 - 13)?
-18
What is the value of (-98 - -94) + -2 + 4?
-2
What is -17 + -14 + 53 + -16?
6
31 + 0 + 1 - (-713 + 723)
22
Evaluate (9 - 9 - (24 + -18)) + -2 + -5.
-13
What is 4 + -4 + 0 + (-13 + 6 - 10)?
-17
What is the value of -54 + 33 - (1 + 2 + -11)?
-13
Calculate (12 - (9 + -7)) + 24.
34
Evaluate 1 + (4 - 14) + 10 + -9.
-8
11 + (-14 + 10 - 5) + -6
-4
-30 + (4 - 8) + 20
-14
Calculate (9 - -14 - 14) + -19.
-10
Evaluate -14 + -3 + (-13 - -23).
-7
12 + (-9 - -20) + -17
6
What is 6 - (20 - 4 - 6)?
-4
2 + 27 - (254 - 245)
20
Calculate 1 + (-9 - (-25 - -8)) + -20.
-11
What is the value of (40 - 19 - -4) + -19?
6
-14 + (28 - (17 + -4))
1
12 + 2 + -28 + 28
14
Calculate -4 + (-12 + 20 - -4).
8
-9 - (13 + -15 - 14)
7
What is (-45 - -51) + 1 + -5?
2
Evaluate 22 + (-23 - (17 + 6)).
-24
Calculate -14 + (-3 - (-3 + -4)) + (-14 - -18).
-6
What is 187 + -187 - (-2 + 5)?
-3
Evaluate -9 + (6 - (3 + -4)) - 3.
-5
Calculate -9 - (-4 + -4 + 7 + -19).
11
What is -15 + 8 - (-4 + 0)?
-3
Evaluate 20 - (21 + -7 + -3 + -3) - 7.
5
What is the value of (3 - -4) + -2 + -5?
0
What is the value of 44 - (24 + -27 + 8) - 13?
26
Evaluate 4 + -1 + (2 - -3 - (-3 + 7)).
4
What is the value of 1 + -4 + (29 - 41) + (19 - 0)?
4
(-3 + 0 - 2) + (-82 - -72)
-15
Evaluate 20 - 8 - 16 - (3 + 5).
-12
Evaluate -31 + ((33 - 15) + -4 - 0).
-17
25 + -15 + -20 + -3 + 1
-12
Calculate (-35 + 83 - 57) + 0 + 2 + -14.
-21
What is (-6 + 0 - 5) + 34 + -37?
-14
What is -2 + (-2 - (3 + (-6 - -1)) - -7)?
5
-4 - ((-15 - (5 + 1 + -9)) + 2)
6
-20 - (-6 + (-17 - -4))
-1
-148 + 144 + 35 + 2
33
Calculate 9 + 0 - (-42 + 39 + (-2 - -8)).
6
-26 - (-20 + (3 - (-1 - 3)))
-13
Calculate (-23 - -4) + 10 + -1.
-10
What is -58 + 67 + -17 + (0 - 7 - -1)?
-14
What is (8 + -5 - 6) + (7 - (2 + -9))?
11
What is (137 + -133 - (-1 + -6)) + -4?
7
-5 + 11 + 11 - (27 + 2)
-12
Calculate 5 + -3 + -5 - -8.
5
Evaluate -10 - (-94 + 104 + -21 + 2).
-1
-33 + (5 - -22) + -30
-36
(-10 - (-28 + 9)) + (-31 - 0) + -1
-23
Evaluate -1 + -12 - (-10 - ((10 - 3) + -12)).
-8
(9 + 8 + (-26 - 5) - -7) + -8
-15
What is the value of (10 - (4 + 3 - 9)) + -4?
8
-1 - 0 - 7 - (34 - 85 - -46)
-3
-30 + (-18 + 20 + 2 - 9)
-35
Evaluate 10 + (0 - ((6 - -16) + -14)).
2
Calculate (8 - 15 - 15 - (3 - 4)) + 6.
-15
Calculate 7 + (1 - (2 + 3)) + -37 + 0.
-34
What is the value of 24 + -18 - (-12 + 7)?
11
What is the value of 44 - 1 - 4 - (-126 + 139)?
26
What is the value of -4 + -4 - (30 - (-26 + 41))?
-23
-17 + (-14 - (17 - 52))
4
What is (-9 - (11 - 25)) + 8 - (-3 + -3)?
19
(32 + -19 - (-3 - -6)) + -2
8
What is the value of -108 + 108 + (1 - -8)?
9
Calculate (25 - (-11 - -16)) + -12.
8
What is 7 - ((-5 - (5 - 11)) + 15)?
-9
Evaluate 16 - -4 - 8 - (16 - 10).
6
21 + 1 + (-25 - -23)
20
-32 - (-27 + 9 + 3)
-17
What is 1 - (24 + -39) - -8?
24
Calculate 3 - 15 - (-1 + -6 + -24).
19
Calculate -2 + 12 + (11 - 13) - (11 - 8).
5
What is the value of (-1 - 14) + (-87 - -98)?
-4
What is the value of 10 - -37 - (-10 + 44)?
13
0 + (2 - 1 - 5) + 2 - -16
14
Calculate 29 + (-2 - 48) + -10 + -2.
-33
Evaluate -2 + -25 + (-71 - -67).
-31
Calculate -2 + 2 + -7 + -21 + 12 + 2.
-14
What is the value of -103 - -79 - ((2 + -3 - 2) + -2)?
-19
Calculate -18 - (3 - (7 + 4 - 0)) - -3.
-7
Calculate (-13 - -9) + 24 + -5.
15
What is the value of (-7 - (-8 + -5)) + -7 + -11?
-12
Calculate -26 - (36 - (-22 + 64)).
-20
What is the value of (6 - 2) + 1 - -1 - (-17 + 24)?
-1
What is 2 + -16 - (-7 + (11 - 6) - 0)?
-12
Evaluate 2 - 6 - (